r of t and 34.
34
Let b be ((-2)/1)/(2/5). Let r = b - -17. Calculate the highest common divisor of 108 and r.
12
Let y(d) be the third derivative of -d**4/24 + d**3/3 - 2*d**2. Let i be y(1). Let s be (i*21)/1 - 0. What is the greatest common divisor of s and 3?
3
Suppose 45 = 8*n - 3*n. Suppose -5*v + 4 = n. Let y(w) = -70*w**3 + w**2 - 1. Let g be y(v). What is the highest common divisor of g and 28?
14
Let i(g) = 2*g**2 + g + 3. Suppose -5*x - 17 = 4*z, 0 = -0*z + z + 2*x + 5. Let b be i(z). What is the greatest common divisor of b and 2?
2
Let w be -1*13/(-2)*2. Let j = 4 - 7. Let u be 2 - (-2 - j) - -51. What is the greatest common divisor of w and u?
13
Suppose 2*z - 16 = -2*z. Let c be z/22 - 63/(-77). Let d be 4 - (c + -2 - 1). Calculate the highest common factor of d and 24.
6
Let n be ((-12)/(-9))/((-6)/(-27)). Suppose 4*s + 2*c = 110, -2*s - 9 + 59 = 2*c. Calculate the greatest common divisor of n and s.
6
Let s = -97 - -112. What is the greatest common divisor of 105 and s?
15
Let s be 0 + -22*2/(-4). Let y be -2*(2493/6)/3. Let z be y/(-5) - (-14)/(-35). What is the greatest common factor of s and z?
11
Let o be 3/((-6)/(-4)) + 13. Let f be 20*3/(o/2). Calculate the greatest common factor of f and 24.
8
Suppose 3*o - 134 = -2. What is the greatest common factor of 66 and o?
22
Let h(v) = v**3 + 10*v**2 - 14*v + 4. Let i be h(-11). Suppose f = -g + 11, 3*g - 3*f = g + i. Calculate the highest common divisor of g and 70.
14
Let o = -5 - -3. Let z be (-2)/o + 148/2. Suppose -4*s = i - z - 54, -4*s - 105 = -i. What is the greatest common factor of 13 and i?
13
Let k(f) = 35*f + 2. Suppose -4*z - 5*s + 8 = 0, s + 0*s = 0. Let w be k(z). Let q be (24/10)/(2/10). What is the greatest common factor of q and w?
12
Suppose -4*r + 0*r + 192 = 0. Let y = -31 + r. Suppose -3*a + 6*a - 153 = 0. What is the greatest common factor of a and y?
17
Suppose f - 2*f - 4 = 0. Let m be f/10 + 7/5. What is the greatest common divisor of m and 1?
1
Suppose -3*n = -1 - 23. What is the highest common factor of 12 and n?
4
Let n = -21 - -13. Let t be (-1)/((-4)/(-3))*n. What is the greatest common divisor of 66 and t?
6
Suppose -8 = -2*o - 0*o. Let u = 1 + o. Let t(q) = q**3 - 5*q**2 + q + 4. Let k be t(u). What is the greatest common divisor of k and 6?
3
Let g be 10/75 - 193/(-15). Calculate the greatest common divisor of g and 26.
13
Let q(r) = -7*r**2 + r**3 - 3 + 11*r**2 + 6*r**2. Let y be q(-10). Let o be 6 - (0 - -3)/y. Calculate the highest common factor of 56 and o.
7
Let r be 2/(-7) - 64/(-28). Suppose 0 = r*l - 2*p - 144, 4*l = 2*p + p + 293. Suppose -2*c = -7*c + 35. Calculate the highest common divisor of c and l.
7
Suppose -3*r + 0*r + 447 = 0. Suppose 299 = 5*x - l - r, 4*x - 362 = -l. Calculate the highest common factor of x and 18.
18
Let o(n) = n**3 - 11*n**2 + 10*n + 3. Let j be o(10). Let f be ((-3)/(-3))/(2/4). Calculate the highest common divisor of f and j.
1
Let o(t) = 3*t + 7. Let u be o(3). Let j be (8 - 0/(-4))*u. What is the greatest common divisor of j and 16?
16
Let n = 23 + -2. Calculate the greatest common divisor of n and 21.
21
Suppose 4*p + 25 = 5*d, -4*p - 14 = 3*d + 3. What is the greatest common factor of 13 and d?
1
Suppose 0 = w + 4*v - 136, -2*w + 5*v + 275 = 29. Let x(g) = -g**2 - 8*g. Let u be x(-4). What is the greatest common divisor of w and u?
16
Suppose -4*m = 4*s - 56, -m - 1 = -4*s + 40. Let v = s + -8. Suppose -2*o = v*o - 70. What is the greatest common divisor of o and 14?
14
Let q be -5*(1/2 - (-319)/(-22)). What is the highest common factor of 7 and q?
7
Let x(z) be the first derivative of -z**4/4 + z**3 - z**2/2 - 4. Let w be x(2). What is the greatest common divisor of w and 1?
1
Let t = 740 - 465. Let q = -95 + t. Calculate the highest common divisor of 20 and q.
20
Suppose 8 = 4*v + 5*i - 2, 2*i - 4 = 5*v. Let s be -8*2 + (2 - v). Let c = 25 + s. Calculate the greatest common divisor of c and 44.
11
Let y be (2 + 1)/1 - 3. Suppose y = 3*q - n + 411, 2*n - 5*n = 3*q + 423. Let s = q + 255. What is the highest common factor of s and 13?
13
Let t(i) = i + 17. Let m be t(7). What is the greatest common divisor of 216 and m?
24
Let y be 20/(-6)*(76/(-10) + -8). What is the greatest common factor of 78 and y?
26
Suppose -2*q = -4*q + w + 31, -2*q - w + 33 = 0. Let c = 30 + 130. What is the highest common factor of q and c?
16
Let n be ((-48)/(-9))/((-9)/(108/(-8))). What is the greatest common divisor of n and 1?
1
Let u(g) = 2*g - 11. Let z be u(9). Let q be z - 5 - (1 + -4). Suppose q*o - 26 = 64. What is the greatest common factor of o and 18?
18
Let j = 62 + -34. Let l be 20/2 + (11 - 14). What is the greatest common divisor of j and l?
7
Suppose -4*x = 3*b - b - 8, 3*b + 15 = 3*x. What is the greatest common divisor of 12 and x?
3
Suppose -4*z - 3*i = -9, -6*z + 5*z + 3*i = -6. Calculate the highest common factor of z and 24.
3
Suppose 5*c + 168 = 2*s + 433, 2*c + 2*s - 92 = 0. Calculate the highest common factor of 17 and c.
17
Let d = 72 - 27. Suppose -g + d = 4*g. Calculate the highest common factor of 45 and g.
9
Let d(a) = -a**3 - 8*a**2 - a + 3. Let q be d(-8). Suppose -2*u + u + q = 0. Calculate the highest common divisor of 33 and u.
11
Suppose 2*l - 5*l + 6 = 0. Suppose 5*o = -4*a - 14, l*a = 4*o - o - 18. Let x be (-4)/a + (-79)/(-3). What is the greatest common factor of 18 and x?
9
Let m = -58 - -76. Calculate the highest common factor of m and 45.
9
Let f be (-1)/2*(-1 + -5). Suppose f*v - 4 = 14. Let p(k) = k**3 - 6*k**2 + k + 7. Let m be p(v). Calculate the greatest common divisor of 91 and m.
13
Suppose 2*h - 65 = j, 95 = h + 3*h + 5*j. What is the highest common divisor of h and 12?
6
Let a = 29 + -13. Let o = a - 28. Let k = 17 + o. What is the highest common divisor of 10 and k?
5
Let v be 26/(1*(3 - 4)). Let x = v + 47. What is the highest common factor of 14 and x?
7
Suppose 0*h = -3*h + k + 21, h = 5*k - 7. What is the highest common factor of h and 16?
8
Suppose -24 = 7*f - 3*f. Let l be (-21)/f*(1 - -3). Calculate the highest common divisor of 28 and l.
14
Let n = 2 - 7. Let x be 633/15 + 1/n. Calculate the highest common factor of 7 and x.
7
Let x = -13 + 1. Let g = -26 - x. Let h = -10 - g. What is the highest common divisor of h and 1?
1
Suppose -21*m = -19*m - 14. Suppose -4*q = -m*u + 4*u + 17, 0 = -5*u + 3*q + 21. Let l be (-2)/2 - (-1 - 24). Calculate the greatest common factor of l and u.
3
Suppose 0 = 5*d - l - 15, 3*d + 0*l = 5*l + 31. Suppose 3*i = d*i + 17. What is the highest common factor of 119 and i?
17
Let x(z) = -2*z + 1. Let r be x(-7). Let f = -254 + 389. What is the highest common divisor of r and f?
15
Suppose -12 = -2*w + 4*f, -4*w - 4*f = -7 - 5. Suppose -89 + 9 = -w*h. What is the greatest common divisor of h and 80?
20
Let l be (6/4)/((2 - 1)/10). Calculate the highest common factor of l and 75.
15
Suppose 3*d - 2*h = -6*h + 196, -2*h = d - 62. What is the greatest common divisor of 180 and d?
36
Suppose 21*m = 1640 + 313. Calculate the highest common divisor of 3 and m.
3
Suppose 140 = 34*j - 29*j. Calculate the highest common factor of j and 42.
14
Suppose 16 = 3*a - 4*r, 4*a - 9 = 3*r + 3. Suppose 5*u - 110 = -a. Suppose 0 = 4*g - 16, 5*k - 52 = k - 2*g. What is the greatest common divisor of k and u?
11
Let m = -2 - -8. Let q(c) = -c + 1. Let d be q(13). Let n = 42 + d. Calculate the highest common factor of m and n.
6
Suppose j - 27 = 63. Let x be 1*18/(2 - 0). What is the greatest common divisor of j and x?
9
Suppose -10*d = -14*d + 108. What is the highest common factor of d and 18?
9
Let h be 20 - ((-1 - 1) + 1). Let z(g) = 7*g - 7. Let q be z(7). Let l be (-4)/6*q/(-4). Calculate the greatest common divisor of h and l.
7
Let m = 21 - -21. Calculate the highest common divisor of m and 63.
21
Let b(s) = 3*s + 1. Let j be b(1). Let r = -47 - -63. What is the highest common divisor of r and j?
4
Suppose 3*j + 5 - 4 = 4*n, 2*n + j = 13. Calculate the greatest common factor of 1 and n.
1
Let n = 82 - 17. Let s be (-1 - 2/(-3))/((-5)/390). Calculate the greatest common factor of n and s.
13
Let r(z) = 2*z - 19. Let p be r(14). Let y be 33/4*96/p. Suppose -3*k = -4*c - 28, -3*k + k + 13 = 3*c. What is the highest common factor of k and y?
8
Let 